{"id":55,"date":"2019-02-13T19:14:25","date_gmt":"2019-02-13T19:14:25","guid":{"rendered":"http:\/\/praxisdevries.de\/?page_id=55"},"modified":"2023-06-15T08:43:31","modified_gmt":"2023-06-15T08:43:31","slug":"datenschutzerklaerung","status":"publish","type":"page","link":"https:\/\/praxisdevries.de\/?page_id=55","title":{"rendered":"Datenschutzerkl\u00e4rung"},"content":{"rendered":"\n<h4 class=\"wp-block-heading\">Wer wir sind<\/h4>\n\n\n\n<p>Die Adresse unserer Website ist: https:\/\/praxisdevries.de.<\/p>\n\n\n\n<p><strong>Datenschutzerkl\u00e4rung<\/strong><\/p>\n\n\n\n<p>1. Datenschutz nach DSGVO auf einen Blick<\/p>\n\n\n\n<p>Den Schutz Ihrer pers\u00f6nlichen Daten nehmen wir sehr ernst und halten uns strikt an die Regeln der einschl\u00e4gigen Vorschriften des Allgemeinen Bundesdatenschutzgesetzes&nbsp;(ABDSG) und des Teledienstschutzgesetzes (TDDSG). Personenbezogene Daten werden auf dieser Webseite nur im technisch notwendigen Umfang erhoben. In keinem Fall werden die erhobenen Daten verkauft oder aus anderen Gr\u00fcnden an Dritte weitergegeben. Die nachfolgende Erkl\u00e4rung gibt Ihnen einen \u00dcberblick dar\u00fcber, wie wir diesen Schutz gew\u00e4hrleisten und welche Art von Daten zu welchem Zweck erhoben werden.<\/p>\n\n\n\n<p>Wie erfassen wir Daten?<\/p>\n\n\n\n<p>Ihre Daten k\u00f6nnen dadurch erhoben, dass Sie uns diese mitteilen. Hierbei kann es sich um eine Daten\u00fcbermittlung \u00fcber das Kontaktformular handeln.<br>Im Einzelnen k\u00f6nnen das folgende Daten sein:<\/p>\n\n\n\n<ul class=\"wp-block-list\">\n<li>Ihr Name<\/li>\n\n\n\n<li>Ihre E-Mail-Adresse<\/li>\n\n\n\n<li>Ihre Telefonnummer<\/li>\n\n\n\n<li>Sonstig Informationen, die Sie in das Nachrichtenfeld schreiben<\/li>\n<\/ul>\n\n\n\n<p>Andere Daten werden automatisch, sobald Sie unsere Website betreten, erfasst. Das sind vor allem technische Daten (z.B. Internetbrowser, Betriebssystem oder Uhrzeit des Seitenaufrufs).<\/p>\n\n\n\n<p>Wof\u00fcr nutzen wir Ihre Daten?<\/p>\n\n\n\n<p>Ein Teil der Daten wird erhoben, um eine fehlerfreie Bereitstellung der Website zu gew\u00e4hrleisten. Andere Daten k\u00f6nnen zur Analyse Ihres Nutzerverhaltens verwendet werden.<br>Alle Daten, die Sie uns \u00fcber das Kontaktformular zukommen lassen, werden verwendet, um Ihre Anfrage zu bearbeiten.&nbsp;Aufgabe unserer Physiotherapiepraxis ist die Erbringung von Behandlungsleistungen. Im Rahmen der Erbringung dieser Dienstleistung m\u00fcssen Sie diejenigen personenbezogenen Daten bereitstellen, die f\u00fcr die Begr\u00fcndung, Durchf\u00fchrung und Beendigung des Behandlungsverh\u00e4ltnisses und die Erf\u00fcllung der damit verbundenen vertraglichen Pflichten erforderlich sind.<\/p>\n\n\n\n<p>Welche Rechte haben Sie bez\u00fcglich Ihrer Daten?<\/p>\n\n\n\n<p>Ihnen stehen folgende Rechte gegen\u00fcber unserer Praxis nach Art 15 bis 22 DSGVO zu:<\/p>\n\n\n\n<ul class=\"wp-block-list\">\n<li>Recht auf Auskunft, Berichtigung, L\u00f6schung, Einschr\u00e4nkung der Verarbeitung und auf Daten\u00fcbertragbarkeit<\/li>\n\n\n\n<li>Widerspruchsrecht gegen Verarbeitungen, die auf berechtigte Interessen des Verantwortlichen oder eines Dritten (Art. 6 Abs. 1lit. I. DSGVO) gest\u00fctzt werden<\/li>\n<\/ul>\n\n\n\n<p>Sie haben gem\u00e4\u00df Art 77 DSGVO das Recht, sich bei der Aufsichtsbeh\u00f6rde zu beschweren, wenn Sie der Ansicht sind, dass die Verarbeitung Ihrer personenbezogenen Daten nicht rechtm\u00e4\u00dfig erfolgt. Die Anschrift der f\u00fcr unser Unternehmen zust\u00e4ndigen Aufsichtsbeh\u00f6rde lautet:<\/p>\n\n\n\n<p>Landesbeauftragte f\u00fcr Datenschutz und Informationsfreiheit Nordrhein-Westfalen<br>Kavalleriestr. 2-4<br>40213 D\u00fcsseldorf<br>Telefon: 0211\/38424-0<br>Fax: 0211\/38424-10<br>E-Mail: <a href=\"mailto:poststelle@ldi.nrw.de\">poststelle@ldi.nrw.de<\/a><\/p>\n\n\n\n<p>2. Allgemeine Hinweise und Pflichtinformationen<\/p>\n\n\n\n<p>Wenn Sie diese Website benutzen, werden verschiedene personenbezogene Daten erhoben. Personenbezogene Daten sind Daten, mit denen Sie pers\u00f6nlich identifiziert werden k\u00f6nnen. Die vorliegende Datenschutzerkl\u00e4rung erl\u00e4utert, welche Daten wir erheben und wof\u00fcr wir sie nutzen. Sie erl\u00e4utert auch, wie und zu welchem Zweck das geschieht.<\/p>\n\n\n\n<p>Wir weisen darauf hin, dass die Daten\u00fcbertragung im Internet (z.B. bei der Kommunikation per E-Mail) Sicherheitsl\u00fccken aufweisen kann. Ein l\u00fcckenloser Schutz der Daten vor dem Zugriff durch Dritte ist nicht m\u00f6glich.<\/p>\n\n\n\n<p>Widerruf Ihrer Einwilligung zur Datenverarbeitung<\/p>\n\n\n\n<p>Viele Datenverarbeitungsvorg\u00e4nge sind nur mit Ihrer ausdr\u00fccklichen Einwilligung m\u00f6glich. Sie k\u00f6nnen eine bereits erteilte Einwilligung jederzeit widerrufen. Dazu reicht eine formlose Mitteilung per E-Mail an uns. Die Rechtm\u00e4\u00dfigkeit der bis zum Widerruf erfolgten Datenverarbeitung bleibt vom Widerruf unber\u00fchrt.<\/p>\n\n\n\n<p>Beschwerderecht bei der zust\u00e4ndigen Aufsichtsbeh\u00f6rde<\/p>\n\n\n\n<p>Im Falle datenschutzrechtlicher Verst\u00f6\u00dfe steht dem Betroffenen ein Beschwerderecht bei der zust\u00e4ndigen Aufsichtsbeh\u00f6rde zu. Zust\u00e4ndige Aufsichtsbeh\u00f6rde in datenschutzrechtlichen Fragen ist der Landesdatenschutzbeauftragte des Bundeslandes, in dem unser Unternehmen seinen Sitz hat. Eine Liste der Datenschutzbeauftragten sowie deren Kontaktdaten k\u00f6nnen folgendem Link entnommen werden: https:\/\/www.bfdi.bund.de\/DE\/Infothek\/Anschriften_Links\/anschriften_links-node.html.<\/p>\n\n\n\n<p>Recht auf Daten\u00fcbertragbarkeit<\/p>\n\n\n\n<p>Sie haben das Recht, Daten, die wir auf Grundlage Ihrer Einwilligung oder in Erf\u00fcllung eines Vertrags automatisiert verarbeiten, an sich oder an einen Dritten in einem g\u00e4ngigen, maschinenlesbaren Format aush\u00e4ndigen zu lassen. Sofern Sie die direkte \u00dcbertragung der Daten an einen anderen Verantwortlichen verlangen, erfolgt dies nur, soweit es technisch machbar ist.<\/p>\n\n\n\n<p>Auskunft, Sperrung, L\u00f6schung<\/p>\n\n\n\n<p>Sie haben im Rahmen der geltenden gesetzlichen Bestimmungen jederzeit das Recht auf unentgeltliche Auskunft \u00fcber Ihre gespeicherten personenbezogenen Daten, deren Herkunft und Empf\u00e4nger und den Zweck der Datenverarbeitung und ggf. ein Recht auf Berichtigung, Sperrung oder L\u00f6schung dieser Daten. Hierzu sowie zu weiteren Fragen zum Thema personenbezogene Daten k\u00f6nnen Sie sich jederzeit unter der im Impressum angegebenen Adresse an uns wenden.<\/p>\n\n\n\n<p>Bitte beachten Sie, dass wir Daten, die den gesetzlichen Vorgaben unterliegen, nicht sofort auf Wunsch l\u00f6schen k\u00f6nnen. Wir sind verpflichtet, diese Daten 10 Jahre zu archivieren, bevor diese vernichtet werden k\u00f6nnen. Vor Ablauf dieser vorgeschriebenen Aufbewahrungspflicht k\u00f6nnen Sie lediglich eine Einschr\u00e4nkung der Datenverarbeitung beantragen, welche jedoch auch erst ab dem Datum des Antrags gilt.<\/p>\n\n\n\n<p>3. Externe Dienstleister<\/p>\n\n\n\n<p>Wir informieren Sie hiermit gem. Art. 13 Abs. 1 lit. e), Art. 28 DSGVO \u00fcber die spezialisierten Dienstleister, die als Auftragsverarbeiter in die Verarbeitung Ihrer personenbezogenen Daten eingebunden sind.<\/p>\n\n\n\n<ul class=\"wp-block-list\">\n<li>Krankenkassen (Prim\u00e4r, Vdek und Berufsgenossenschaften) und deren Dienstleister<\/li>\n\n\n\n<li>Therapiesysteme Paderborn<\/li>\n\n\n\n<li>Steuerberater<\/li>\n<\/ul>\n\n\n\n<p>4. Datenschutzbeauftragter<\/p>\n\n\n\n<p>Gesetzlich vorgeschriebener Datenschutzbeauftragter<\/p>\n\n\n\n<p>Wir haben f\u00fcr unsere Praxis einen Datenschutzbeauftragten bestellt. Sie erreichen unsere Datenschutzbeauftragte unter: Praxis de Vries, Krechtinger Stra\u00dfe 8a, 46499 Hamminkeln<\/p>\n\n\n\n<p><\/p>\n\n\n\n<p>5. Plugins und Tools<\/p>\n\n\n\n<p>Google Maps<\/p>\n\n\n\n<p>Diese Seite nutzt \u00fcber eine API den Kartendienst Google Maps. Anbieter ist die Google Inc., 1600 Amphitheatre Parkway, Mountain View, CA 94043, USA.<\/p>\n\n\n\n<p>Zur Nutzung der Funktionen von Google Maps ist es notwendig, Ihre IP Adresse zu speichern. Diese Informationen werden in der Regel an einen Server von Google in den USA \u00fcbertragen und dort gespeichert. Der Anbieter dieser Seite hat keinen Einfluss auf diese Daten\u00fcbertragung.&nbsp;Die Nutzung von Google Maps erfolgt im Interesse einer ansprechenden Darstellung unserer Online-Angebote und an einer leichten Auffindbarkeit der von uns auf der Website angegebenen Orte. Dies stellt ein berechtigtes Interesse im Sinne von Art. 6 Abs. 1 lit. f DSGVO dar.<\/p>\n\n\n\n<p>Mehr Informationen zum Umgang mit Nutzerdaten finden Sie in der Datenschutzerkl\u00e4rung von Google: https:\/\/www.google.de\/intl\/de\/policies\/privacy\/.<\/p>\n\n\n\n<p>Zur Verwaltung der eingesetzten Cookies und \u00e4hnlichen Technologien (Tracking-Pixel, Web-Beacons etc.) und diesbez\u00fcglicher Einwilligungen setzen wir das Consent Tool &#8222;Real Cookie Banner&#8220; ein. Details zur Funktionsweise von &#8222;Real Cookie Banner&#8220; findest du unter <a href=\"https:\/\/devowl.io\/de\/rcb\/datenverarbeitung\/\" rel=\"noreferrer noopener\" target=\"_blank\">https:\/\/devowl.io\/de\/rcb\/datenverarbeitung\/<\/a>.<\/p>\n\n\n\n<p>Rechtsgrundlagen f\u00fcr die Verarbeitung von personenbezogenen Daten in diesem Zusammenhang sind Art. 6 Abs. 1 lit. c DS-GVO und Art. 6 Abs. 1 lit. f DS-GVO. Unser berechtigtes Interesse ist die Verwaltung der eingesetzten Cookies und \u00e4hnlichen Technologien und der diesbez\u00fcglichen Einwilligungen.<\/p>\n\n\n\n<p>Die Bereitstellung der personenbezogenen Daten ist weder vertraglich vorgeschrieben noch f\u00fcr den Abschluss eines Vertrages notwendig. Du bist nicht verpflichtet die personenbezogenen Daten bereitzustellen. Wenn du die personenbezogenen Daten nicht bereitstellst, k\u00f6nnen wir deine Einwilligungen nicht verwalten.<\/p>\n","protected":false},"excerpt":{"rendered":"<p class=\"qua-blog-post-description\">Wer wir sind Die Adresse unserer Website ist: https:\/\/praxisdevries.de. Datenschutzerkl\u00e4rung 1. Datenschutz nach DSGVO auf einen Blick Den Schutz Ihrer pers\u00f6nlichen Daten nehmen wir sehr ernst und halten uns strikt an die Regeln der einschl\u00e4gigen Vorschriften des Allgemeinen Bundesdatenschutzgesetzes&nbsp;(ABDSG) und des Teledienstschutzgesetzes (TDDSG). Personenbezogene Daten werden auf dieser Webseite nur im technisch notwendigen Umfang erhoben.<\/p>\n<p class=\"qua-blog-post-description\"><a href=\"https:\/\/praxisdevries.de\/?page_id=55#more-55\" class=\"more-link\">Weiterlesen<\/a><\/p>\n","protected":false},"author":1,"featured_media":0,"parent":0,"menu_order":0,"comment_status":"closed","ping_status":"closed","template":"","meta":{"footnotes":""},"class_list":["post-55","page","type-page","status-publish","hentry"],"yoast_head":"<!-- This site is optimized with the Yoast SEO plugin v27.5 - https:\/\/yoast.com\/product\/yoast-seo-wordpress\/ -->\n<title>Datenschutzerkl\u00e4rung - Praxis de Vries<\/title>\n<meta name=\"robots\" content=\"index, follow, max-snippet:-1, max-image-preview:large, max-video-preview:-1\" \/>\n<link rel=\"canonical\" href=\"https:\/\/praxisdevries.de\/?page_id=55\" \/>\n<meta property=\"og:locale\" content=\"de_DE\" \/>\n<meta property=\"og:type\" content=\"article\" \/>\n<meta property=\"og:title\" content=\"Datenschutzerkl\u00e4rung - Praxis de Vries\" \/>\n<meta property=\"og:description\" content=\"Wer wir sind Die Adresse unserer Website ist: https:\/\/praxisdevries.de. Datenschutzerkl\u00e4rung 1. Datenschutz nach DSGVO auf einen Blick Den Schutz Ihrer pers\u00f6nlichen Daten nehmen wir sehr ernst und halten uns strikt an die Regeln der einschl\u00e4gigen Vorschriften des Allgemeinen Bundesdatenschutzgesetzes&nbsp;(ABDSG) und des Teledienstschutzgesetzes (TDDSG). Personenbezogene Daten werden auf dieser Webseite nur im technisch notwendigen Umfang erhoben.Weiterlesen\" \/>\n<meta property=\"og:url\" content=\"https:\/\/praxisdevries.de\/?page_id=55\" \/>\n<meta property=\"og:site_name\" content=\"Praxis de Vries\" \/>\n<meta property=\"article:modified_time\" content=\"2023-06-15T08:43:31+00:00\" \/>\n<meta name=\"twitter:card\" content=\"summary_large_image\" \/>\n<meta name=\"twitter:label1\" content=\"Gesch\u00e4tzte Lesezeit\" \/>\n\t<meta name=\"twitter:data1\" content=\"6\u00a0Minuten\" \/>\n<script type=\"application\/ld+json\" class=\"yoast-schema-graph\">{\"@context\":\"https:\\\/\\\/schema.org\",\"@graph\":[{\"@type\":\"WebPage\",\"@id\":\"https:\\\/\\\/praxisdevries.de\\\/?page_id=55\",\"url\":\"https:\\\/\\\/praxisdevries.de\\\/?page_id=55\",\"name\":\"Datenschutzerkl\u00e4rung - Praxis de Vries\",\"isPartOf\":{\"@id\":\"https:\\\/\\\/praxisdevries.de\\\/#website\"},\"datePublished\":\"2019-02-13T19:14:25+00:00\",\"dateModified\":\"2023-06-15T08:43:31+00:00\",\"breadcrumb\":{\"@id\":\"https:\\\/\\\/praxisdevries.de\\\/?page_id=55#breadcrumb\"},\"inLanguage\":\"de\",\"potentialAction\":[{\"@type\":\"ReadAction\",\"target\":[\"https:\\\/\\\/praxisdevries.de\\\/?page_id=55\"]}]},{\"@type\":\"BreadcrumbList\",\"@id\":\"https:\\\/\\\/praxisdevries.de\\\/?page_id=55#breadcrumb\",\"itemListElement\":[{\"@type\":\"ListItem\",\"position\":1,\"name\":\"Startseite\",\"item\":\"https:\\\/\\\/praxisdevries.de\\\/\"},{\"@type\":\"ListItem\",\"position\":2,\"name\":\"Datenschutzerkl\u00e4rung\"}]},{\"@type\":\"WebSite\",\"@id\":\"https:\\\/\\\/praxisdevries.de\\\/#website\",\"url\":\"https:\\\/\\\/praxisdevries.de\\\/\",\"name\":\"Praxis de Vries\",\"description\":\"Die Physiotherapeuten\",\"potentialAction\":[{\"@type\":\"SearchAction\",\"target\":{\"@type\":\"EntryPoint\",\"urlTemplate\":\"https:\\\/\\\/praxisdevries.de\\\/?s={search_term_string}\"},\"query-input\":{\"@type\":\"PropertyValueSpecification\",\"valueRequired\":true,\"valueName\":\"search_term_string\"}}],\"inLanguage\":\"de\"}]}<\/script>\n<!-- \/ Yoast SEO plugin. -->","yoast_head_json":{"title":"Datenschutzerkl\u00e4rung - Praxis de Vries","robots":{"index":"index","follow":"follow","max-snippet":"max-snippet:-1","max-image-preview":"max-image-preview:large","max-video-preview":"max-video-preview:-1"},"canonical":"https:\/\/praxisdevries.de\/?page_id=55","og_locale":"de_DE","og_type":"article","og_title":"Datenschutzerkl\u00e4rung - Praxis de Vries","og_description":"Wer wir sind Die Adresse unserer Website ist: https:\/\/praxisdevries.de. Datenschutzerkl\u00e4rung 1. Datenschutz nach DSGVO auf einen Blick Den Schutz Ihrer pers\u00f6nlichen Daten nehmen wir sehr ernst und halten uns strikt an die Regeln der einschl\u00e4gigen Vorschriften des Allgemeinen Bundesdatenschutzgesetzes&nbsp;(ABDSG) und des Teledienstschutzgesetzes (TDDSG). Personenbezogene Daten werden auf dieser Webseite nur im technisch notwendigen Umfang erhoben.Weiterlesen","og_url":"https:\/\/praxisdevries.de\/?page_id=55","og_site_name":"Praxis de Vries","article_modified_time":"2023-06-15T08:43:31+00:00","twitter_card":"summary_large_image","twitter_misc":{"Gesch\u00e4tzte Lesezeit":"6\u00a0Minuten"},"schema":{"@context":"https:\/\/schema.org","@graph":[{"@type":"WebPage","@id":"https:\/\/praxisdevries.de\/?page_id=55","url":"https:\/\/praxisdevries.de\/?page_id=55","name":"Datenschutzerkl\u00e4rung - Praxis de Vries","isPartOf":{"@id":"https:\/\/praxisdevries.de\/#website"},"datePublished":"2019-02-13T19:14:25+00:00","dateModified":"2023-06-15T08:43:31+00:00","breadcrumb":{"@id":"https:\/\/praxisdevries.de\/?page_id=55#breadcrumb"},"inLanguage":"de","potentialAction":[{"@type":"ReadAction","target":["https:\/\/praxisdevries.de\/?page_id=55"]}]},{"@type":"BreadcrumbList","@id":"https:\/\/praxisdevries.de\/?page_id=55#breadcrumb","itemListElement":[{"@type":"ListItem","position":1,"name":"Startseite","item":"https:\/\/praxisdevries.de\/"},{"@type":"ListItem","position":2,"name":"Datenschutzerkl\u00e4rung"}]},{"@type":"WebSite","@id":"https:\/\/praxisdevries.de\/#website","url":"https:\/\/praxisdevries.de\/","name":"Praxis de Vries","description":"Die Physiotherapeuten","potentialAction":[{"@type":"SearchAction","target":{"@type":"EntryPoint","urlTemplate":"https:\/\/praxisdevries.de\/?s={search_term_string}"},"query-input":{"@type":"PropertyValueSpecification","valueRequired":true,"valueName":"search_term_string"}}],"inLanguage":"de"}]}},"_links":{"self":[{"href":"https:\/\/praxisdevries.de\/index.php?rest_route=\/wp\/v2\/pages\/55","targetHints":{"allow":["GET"]}}],"collection":[{"href":"https:\/\/praxisdevries.de\/index.php?rest_route=\/wp\/v2\/pages"}],"about":[{"href":"https:\/\/praxisdevries.de\/index.php?rest_route=\/wp\/v2\/types\/page"}],"author":[{"embeddable":true,"href":"https:\/\/praxisdevries.de\/index.php?rest_route=\/wp\/v2\/users\/1"}],"replies":[{"embeddable":true,"href":"https:\/\/praxisdevries.de\/index.php?rest_route=%2Fwp%2Fv2%2Fcomments&post=55"}],"version-history":[{"count":4,"href":"https:\/\/praxisdevries.de\/index.php?rest_route=\/wp\/v2\/pages\/55\/revisions"}],"predecessor-version":[{"id":255,"href":"https:\/\/praxisdevries.de\/index.php?rest_route=\/wp\/v2\/pages\/55\/revisions\/255"}],"wp:attachment":[{"href":"https:\/\/praxisdevries.de\/index.php?rest_route=%2Fwp%2Fv2%2Fmedia&parent=55"}],"curies":[{"name":"wp","href":"https:\/\/api.w.org\/{rel}","templated":true}]}}